{"id":792,"date":"2025-09-17T00:39:06","date_gmt":"2025-09-17T00:39:06","guid":{"rendered":"https:\/\/24sietestore.com\/index.php\/product\/drone-royal-camara-wifi-luces-led-env\/"},"modified":"2025-10-02T22:59:49","modified_gmt":"2025-10-02T22:59:49","slug":"drone-royal-camara-wifi-luces-led-env","status":"publish","type":"product","link":"https:\/\/24sietestore.com\/index.php\/product\/drone-royal-camara-wifi-luces-led-env\/","title":{"rendered":"Drone Royal, C\u00e1mara Wifi, Luces Led"},"content":{"rendered":"<p>Drone Royal Generation H235 Con C\u00e1mara HD Wifi FPV<\/p>\n<p>El Dron Royal Generation H235 es perfecto para empezar a experimentar esta nueva tendencia, ya que su tecnolog\u00eda ofrece m\u00e1s estabilidad, menos interferencia y es de f\u00e1cil manejo. Su atractivo dise\u00f1o incluye cuatro luces LED que hacen m\u00e1s f\u00e1cil hacer un seguimiento del dron por la noche.<\/p>\n<p>CARACTER\u00cdSTICAS<\/p>\n<p>\u2022Contiene un sensor que regula autom\u00e1ticamente la altura del vuelo, lo que permitir\u00e1 realizar grabaciones y tomar fotos sin que el dron pierda estabilidad.<br \/>\n\u2022 Su c\u00e1mara WiFi HD de 0.3 MP, te ofrecer\u00e1 una experiencia casi real cuando est\u00e9s sobrevolando el aparato, la vista en primera persona te har\u00e1 sentir que vuelas, adem\u00e1s puedes capturar incre\u00edbles im\u00e1genes y v\u00eddeos que se almacenar\u00e1n en la memoria de tu celular.<br \/>\n\u2022 Puede realizar movimientos 3D en 360 grados en cuatro direcciones. Las volteretas en 3D con una agilidad incre\u00edble proporcionan un espect\u00e1culo de acrobacias a\u00e9reas.<br \/>\n\u2022 Su funci\u00f3n \u00ab\u00bbHeadless Mode\u00bb\u00bb nos permite volar el dron sin preocuparnos por la orientaci\u00f3n en el aire del dron, esta funci\u00f3n permite que siempre en los mandos al querer mover el dron hacia la derecha siempre vaya hacia esa direcci\u00f3n sin importar hacia qu\u00e9 lado mira el frente del dron, lo mismo para la izquierda o para el frente o hacia atr\u00e1s.<br \/>\n\u2022 Cuenta con la Funci\u00f3n \u00ab\u00bbOne Key Return\u00bb\u00bb que hace que el dron regrese a nosotros con solo presionar un bot\u00f3n.<br \/>\n\u2022 El control remoto tiene una frecuencia de trabajo de 2.4GHz con fuerte anti-interferencia, control de larga distancia y capacidad de respuesta r\u00e1pida.<\/p>\n<p>ESPECIFICACIONES<\/p>\n<p>\u2022 Alcance m\u00e1ximo: 100m<br \/>\n\u2022 Uso: Interior y exterior<br \/>\n\u2022 Autonom\u00eda de vuelo: 8-10 minutos<br \/>\n\u2022 C\u00e1mara: 0.3 MP<br \/>\n\u2022 Conectividad: WiFi<br \/>\n\u2022 Compatibilidad: iOS\/Android<br \/>\n\u2022 Sensor: Bar\u00f3metro<br \/>\n\u2022 N\u00famero de canales: 4 canales<br \/>\n\u2022 Giroscopio: 6 ejes<br \/>\n\u2022 Control remoto: 2.4Ghz Anti-interferencia. Utiliza 3 pilas AA (no incluidas)<br \/>\n\u2022 Bater\u00eda: 3.7V 450mAh Lipo (Incluida)<br \/>\n\u2022 Tiempo de carga: 50 minutos aproximadamente<br \/>\n\u2022 Dispone de luces LED para vuelos nocturnos<br \/>\n\u2022 Grabaci\u00f3n de video: S\u00ed<br \/>\n\u2022 Material: ABS<br \/>\n\u2022 Memoria externa incluida: No<br \/>\n\u2022 Edad recomendada: 14+<br \/>\n\u2022 Garant\u00eda: 3 Meses<\/p>\n<p>DIMENSIONES DEL PRODUCTO<br \/>\nTama\u00f1o del Dron: 8.5x30x30cm<br \/>\nPeso neto: 74g<br \/>\nTama\u00f1o del empaque: 9x33x45cm<br \/>\nPeso bruto: 890g<\/p>\n<p>CONTENIDO DEL PAQUETE<br \/>\n1 x Dron<br \/>\n1 x control remoto<br \/>\n1 x cargador USB<br \/>\n1 x c\u00e1mara<br \/>\n1 x clip para tel\u00e9fono<br \/>\n4 x protectores de h\u00e9lices<br \/>\n2 x h\u00e9lices adicionales<br \/>\nTren de aterrizaje<br \/>\n1 x destornillador<br \/>\n1 x manual de usuario<\/p>\n","protected":false},"excerpt":{"rendered":"<p>Drone Royal Generation H235 Con C\u00e1mara HD Wifi FPV El Dron Royal Generation H235 es perfecto para empezar a experimentar esta nueva tendencia, ya que su tecnolog\u00eda ofrece m\u00e1s estabilidad, menos interferencia y es de f\u00e1cil manejo. Su atractivo dise\u00f1o incluye cuatro luces LED que hacen m\u00e1s f\u00e1cil hacer un seguimiento del dron por la [&hellip;]<\/p>\n","protected":false},"featured_media":855,"template":"","meta":[],"product_brand":[],"product_cat":[28,34],"product_tag":[],"class_list":{"0":"post-792","1":"product","2":"type-product","3":"status-publish","4":"has-post-thumbnail","6":"product_cat-drones","7":"product_cat-tecnologia","9":"first","10":"instock","11":"taxable","12":"shipping-taxable","13":"purchasable","14":"product-type-simple"},"_links":{"self":[{"href":"https:\/\/24sietestore.com\/index.php\/wp-json\/wp\/v2\/product\/792","targetHints":{"allow":["GET"]}}],"collection":[{"href":"https:\/\/24sietestore.com\/index.php\/wp-json\/wp\/v2\/product"}],"about":[{"href":"https:\/\/24sietestore.com\/index.php\/wp-json\/wp\/v2\/types\/product"}],"wp:featuredmedia":[{"embeddable":true,"href":"https:\/\/24sietestore.com\/index.php\/wp-json\/wp\/v2\/media\/855"}],"wp:attachment":[{"href":"https:\/\/24sietestore.com\/index.php\/wp-json\/wp\/v2\/media?parent=792"}],"wp:term":[{"taxonomy":"product_brand","embeddable":true,"href":"https:\/\/24sietestore.com\/index.php\/wp-json\/wp\/v2\/product_brand?post=792"},{"taxonomy":"product_cat","embeddable":true,"href":"https:\/\/24sietestore.com\/index.php\/wp-json\/wp\/v2\/product_cat?post=792"},{"taxonomy":"product_tag","embeddable":true,"href":"https:\/\/24sietestore.com\/index.php\/wp-json\/wp\/v2\/product_tag?post=792"}],"curies":[{"name":"wp","href":"https:\/\/api.w.org\/{rel}","templated":true}]}}